 greatest common divisor of n and 153.
9
Suppose 20 = 8*z - 68. Let i = 11 - z. Let a be (i - -3)/(3*(-3)/(-57)). Calculate the highest common divisor of a and 19.
19
Suppose 19*p = 8*p + 26464 + 34652. Calculate the highest common divisor of p and 8.
4
Let z be 32/(-48)*(-30)/(-4). Let l be 188 + -2 + 6 + z. Let y(v) = -2*v + 7. Let m be y(-5). Calculate the highest common divisor of l and m.
17
Suppose 2*z - 96 = -z. Let a be ((-45)/(-252)*256)/((-4)/(-14)). What is the greatest common factor of a and z?
32
Let k(a) = 80*a**2 + 26*a - 94. Let o be k(4). Calculate the highest common factor of 150 and o.
30
Let v be 21/4 - (-5)/(-20). Suppose -3*a - 45 = -3*w, v*w - 111 = -a - 3*a. Suppose -u + 5 = -w. What is the greatest common divisor of u and 16?
8
Suppose -j = 5*o - 187, 2*j - 307*o = -310*o + 374. Calculate the greatest common divisor of j and 1188.
11
Suppose 703*w - 60845 = 1041575 - 147043. What is the highest common divisor of 604 and w?
151
Let x(h) = -2*h**3 - 41*h**2 - 59*h - 30. Let g be x(-19). Let w = -112 - -328. Calculate the highest common divisor of w and g.
8
Let g be 6/(-9) + 52/6 - (-30)/6. Calculate the greatest common divisor of g and 10933.
13
Let q = 34 - 19. Let c be (6/(-4))/((-6)/140). Calculate the highest common factor of c and q.
5
Let q be 1/(-8) + -10 + 324/32. Suppose 6*k + 32 - 440 = q. What is the greatest common divisor of 4 and k?
4
Let o = 4774 + -4394. Calculate the greatest common divisor of o and 32.
4
Suppose -3*u + 5*q + 41 = -2*u, u - 41 = -q. Calculate the highest common factor of u and 4141.
41
Let g(t) = -246*t - 102. Let y be g(-2). Suppose -42 = -k + 23. Calculate the greatest common divisor of k and y.
65
Let p(y) = -y**3 + y**2 + 5*y + 36. Let v be p(4). Calculate the highest common factor of v and 9552.
8
Let b = 1926 - 1292. What is the highest common factor of 2 and b?
2
Suppose -595 = -2*v + 85. What is the greatest common factor of 80 and v?
20
Let w(o) = o + 38. Let a be w(-5). Suppose 0 = -4*c - k + 242, -k = -a*c + 31*c + 118. Calculate the greatest common factor of 200 and c.
20
Suppose 5*v + 25 = 0, v = -4*k - 3*v + 1440. Suppose 3*h - 5 = -2*m - 1, 0 = 4*m - 4*h - 28. Calculate the greatest common factor of m and k.
5
Let j(i) = 5*i**3 + i**2 - i + 1. Let k be j(1). Suppose k*h = 478 + 116. Let u be 1*((-18)/(-2) - -2). What is the highest common divisor of h and u?
11
Let n be (-492 - 23)*(-2 + 1). Suppose -5*j + n = 360. Calculate the highest common factor of 1 and j.
1
Suppose -3*j + h = -2*h, j + 5*h = 24. Suppose -j*q = -5*o + 272, 152 - 38 = 2*o + q. What is the highest common factor of 24 and o?
8
Suppose 4*k - 219 = 305. Let l = k - 116. What is the highest common divisor of 6 and l?
3
Suppose -4*a - 6*s + 70 = 0, -a + 3*s - 11 + 6 = 0. What is the highest common divisor of a and 4330?
10
Let f = -1497 + 1510. Calculate the highest common divisor of 2821 and f.
13
Let m = -79 + 85. Suppose -2*v - m*a + a + 259 = 0, 3*a = -3. What is the greatest common divisor of 12 and v?
12
Let q = -36 - -81. Let a = -361 + 365. Suppose a*g - 6*i - 10 = -i, 13 = 3*g - i. Calculate the highest common factor of g and q.
5
Let l = -35 + 167. Let q = -245786 + 245874. Calculate the greatest common divisor of l and q.
44
Let v = -26 + 39. Suppose 0 = -q + 2*p + 337, -1 = -2*q - p + 643. Calculate the highest common factor of v and q.
13
Let c be (-2 - -4)*(-9)/(-3). Let k(v) = v**3 + 16*v**2 + 21*v - 40. Let x be k(-13). Let z = 200 - x. What is the highest common divisor of z and c?
6
Suppose 0 = 655*r - 694*r + 251940. What is the highest common divisor of 19 and r?
19
Let c be -9 + 55*(-1411)/(-85). What is the highest common factor of 40 and c?
8
Let f = -175 - -180. Suppose -o - f + 20 = 0. Calculate the greatest common divisor of 105 and o.
15
Suppose 4*x = -4*c + 376, -12*x + 4*c = -7*x - 479. Calculate the highest common divisor of 20 and x.
5
Suppose 0 = -85*s + 86*s + 2, 94 = 2*p - s. Let k be (-188)/5 - (-2)/(-5). Let q = p + k. What is the greatest common factor of 32 and q?
8
Suppose 28*m = 17 + 11. Let w = -14 + 23. Calculate the greatest common factor of w and m.
1
Let f(b) = -2*b + 10*b + b + 3*b - 17*b + 94 + b**2. Let z be f(-17). What is the greatest common divisor of 54 and z?
18
Let g be (-3 - -1)/(0 + -2). Let w = g - -71. Let r = 132 - w. Calculate the highest common divisor of 36 and r.
12
Let w be (-70)/(36/(-15) + 6/15). Let x = 50 + -175. Let s = -97 - x. What is the highest common divisor of s and w?
7
Let k(n) = 1061*n + 7445. Let a be k(-7). Suppose -3*z + 1 = -c + 22, 0 = -c - 4*z + 42. What is the highest common divisor of c and a?
6
Let x = 51 + -32. Suppose 86 = p - 4*t, -3*t + x = -2*p + 171. Suppose 7*o - 2*o - p = 0. Calculate the greatest common factor of o and 14.
14
Suppose 3*w = -5*w + 16. Suppose 3*c = -4*m + c + 244, w*m = 3*c + 114. Let u = m - 18. Calculate the highest common factor of 14 and u.
14
Suppose 4*y + 151 = -708 + 6599. What is the greatest common factor of 410 and y?
205
Let k be (-8327 + (2 - -3) - 0)*-1. What is the greatest common divisor of k and 114?
114
Let h = 387 - 241. Suppose 0 = -3*y - 3*m + 1584, -2*y + 3*m = -h - 920. What is the highest common factor of y and 10?
10
Suppose 105*s + 510 - 43294 = -86*s. What is the greatest common factor of s and 808?
8
Let u be (-2)/3 - (14/((-252)/90606) - -14). What is the highest common divisor of u and 105?
21
Suppose -y + 0*y + 5*q + 28 = 0, -32 = -3*y + 2*q. Let t be (-5)/(5/y) + (-4)/1. Let i = t + 17. Calculate the highest common factor of i and 2.
1
Let y(i) = -i**3 + 75*i**2 - 156*i + 175. Let h be y(35). Calculate the greatest common factor of h and 35.
35
Let h = 36 + -6. Let f = 91 + -87. Suppose -5*p + 240 = 2*j - p, f*j = 5*p + 480. What is the highest common divisor of h and j?
30
Let r(j) = -j**3 + 32*j**2 - 55*j + 242. Let t be r(30). Calculate the greatest common factor of t and 980.
196
Suppose 117 = 3*u - 2*u. Let r = -40 + 23. Let x be (2 + -3)*r - (2 - -2). What is the highest common divisor of x and u?
13
Let o(m) = -2*m**2 - 129*m - 784. Let w be o(-7). What is the highest common factor of w and 3?
3
Let i be 1 + (-2)/4 + 1722/28. Suppose 171 = -3*u - 36. Let n = 162 + u. What is the greatest common factor of i and n?
31
Let o = -139 - -146. Let t be -1 - (0*2/6 - 33). Let r be 81/4 - (-24)/t. Calculate the greatest common factor of o and r.
7
Let w(u) = 18*u - 214. Let k be w(19). Suppose -2*c = -10*c + k. Calculate the highest common divisor of 336 and c.
16
Let f be (1635/(-436))/((-9)/120). Calculate the greatest common divisor of f and 5300.
50
Suppose -10*d + 1151 = 4*p - 81, 0 = 3*p - d - 924. What is the highest common divisor of p and 1792?
28
Let g be (49/7 - -596) + 5. What is the greatest common divisor of g and 114?
38
Let h be ((7 - 4) + -78)*66/(-33). Let d = -24 - -44. What is the highest common divisor of d and h?
10
Let c(i) = 6*i**2 - 28*i - 78. Let b be c(7). What is the greatest common factor of b and 890?
10
Let q(r) = 18*r**3 + 2*r**2 - 3*r + 2. Let f be q(1). Suppose 14*a - f*a = -v + 3, 5*a = -5*v + 165. What is the greatest common divisor of v and 16?
4
Let r = -331 - -353. Let g be r/275 - (-1092)/100. Suppose -2*z + 3 = 1. What is the highest common divisor of g and z?
1
Let l be (-2 + 6 - 6)/(2/3). Let p be l/6 - ((-1715)/10 - 5). Calculate the greatest common factor of 792 and p.
88
Suppose -110*h + 5*t = -113*h + 36483, 0 = -4*h + t + 48598. What is the highest common factor of 116 and h?
29
Suppose 3*d + 4*j - 9*j = -233, 0 = d - j + 77. Let m = d + 89. What is the highest common divisor of 39 and m?
13
Let w = 1567 + -1549. Suppose -4*q + 5*h = -1245, -3*q - 2*h = -2*q - 321. What is the highest common divisor of w and q?
9
Let m(u) = 112*u**3 + u**2 + u - 2. Let b(s) = 3*s - 25. Let n be b(11). Suppose -4*w + 12 = n*w. Let z be m(w). What is the highest common factor of 14 and z?
14
Let p be 210/4 + 18/12. Let y = -8 + 104. Suppose 5*j + z + 1 = y, 4*z - 110 = -5*j. Calculate the highest common divisor of j and p.
18
Let l(k) = k**2 - 5*k + 2. Let v be l(5). Let b be (0 - -80)/(-76 - -74). Let j be -1 + b/(-22) + 10/55. Calculate the highest common divisor of v and j.
1
Let j be (2 - (4 + -1)) + 3. Let t be (j/(-4) - 1)/(9/(-